{"id":6668,"date":"2021-02-03T16:30:31","date_gmt":"2021-02-03T15:30:31","guid":{"rendered":"https:\/\/alfa7.cz\/mil\/?page_id=6668"},"modified":"2021-02-03T17:19:42","modified_gmt":"2021-02-03T16:19:42","slug":"doplnky","status":"publish","type":"page","link":"https:\/\/alfa7.cz\/mil\/doplnky\/","title":{"rendered":"St\u0159\u00edkac\u00ed masky a drobn\u00e9 d\u00edly"},"content":{"rendered":"<span class=\"span-reading-time rt-reading-time\" style=\"display: block;\"><span class=\"rt-label rt-prefix\">Doba \u010dten\u00ed: <\/span> <span class=\"rt-time\"> &lt; 1<\/span> <span class=\"rt-label rt-postfix\">min.<\/span><\/span><hr \/>\n<h3><a href=\"https:\/\/alfa7.cz\/l-39c-breitling-obtisky\/\"><strong>Aero L-39C Albatros <\/strong><\/a>[1:72]<\/h3>\n<p>ES-YLS, Breitling #2 (tisk b\u00edlou a st\u0159\u00edkac\u00ed maska)<\/p>\n<p><img loading=\"lazy\" decoding=\"async\" class=\"wp-image-6321 size-medium alignleft\" src=\"https:\/\/alfa7.cz\/mil\/wp-content\/uploads\/2020\/04\/L-39_Breitling_Komplet-300x130.png\" alt=\"\" width=\"300\" height=\"130\" srcset=\"https:\/\/alfa7.cz\/mil\/wp-content\/uploads\/2020\/04\/L-39_Breitling_Komplet-300x130.png 300w, https:\/\/alfa7.cz\/mil\/wp-content\/uploads\/2020\/04\/L-39_Breitling_Komplet-768x333.png 768w, https:\/\/alfa7.cz\/mil\/wp-content\/uploads\/2020\/04\/L-39_Breitling_Komplet-1024x445.png 1024w, https:\/\/alfa7.cz\/mil\/wp-content\/uploads\/2020\/04\/L-39_Breitling_Komplet-100x43.png 100w, https:\/\/alfa7.cz\/mil\/wp-content\/uploads\/2020\/04\/L-39_Breitling_Komplet-150x65.png 150w, https:\/\/alfa7.cz\/mil\/wp-content\/uploads\/2020\/04\/L-39_Breitling_Komplet-200x87.png 200w, https:\/\/alfa7.cz\/mil\/wp-content\/uploads\/2020\/04\/L-39_Breitling_Komplet-450x195.png 450w, https:\/\/alfa7.cz\/mil\/wp-content\/uploads\/2020\/04\/L-39_Breitling_Komplet-600x261.png 600w, https:\/\/alfa7.cz\/mil\/wp-content\/uploads\/2020\/04\/L-39_Breitling_Komplet-900x391.png 900w, https:\/\/alfa7.cz\/mil\/wp-content\/uploads\/2020\/04\/L-39_Breitling_Komplet.png 1034w\" sizes=\"(max-width: 300px) 100vw, 300px\" \/><\/p>\n<p><img loading=\"lazy\" decoding=\"async\" class=\"wp-image-6362 alignleft\" src=\"https:\/\/alfa7.cz\/mil\/wp-content\/uploads\/2020\/04\/L-39C_Breitling-300x192.jpg\" alt=\"\" width=\"328\" height=\"210\" srcset=\"https:\/\/alfa7.cz\/mil\/wp-content\/uploads\/2020\/04\/L-39C_Breitling-300x192.jpg 300w, https:\/\/alfa7.cz\/mil\/wp-content\/uploads\/2020\/04\/L-39C_Breitling-768x490.jpg 768w, https:\/\/alfa7.cz\/mil\/wp-content\/uploads\/2020\/04\/L-39C_Breitling-100x64.jpg 100w, https:\/\/alfa7.cz\/mil\/wp-content\/uploads\/2020\/04\/L-39C_Breitling-150x96.jpg 150w, https:\/\/alfa7.cz\/mil\/wp-content\/uploads\/2020\/04\/L-39C_Breitling-200x128.jpg 200w, https:\/\/alfa7.cz\/mil\/wp-content\/uploads\/2020\/04\/L-39C_Breitling-450x287.jpg 450w, https:\/\/alfa7.cz\/mil\/wp-content\/uploads\/2020\/04\/L-39C_Breitling-600x383.jpg 600w, https:\/\/alfa7.cz\/mil\/wp-content\/uploads\/2020\/04\/L-39C_Breitling.jpg 769w\" sizes=\"(max-width: 328px) 100vw, 328px\" \/><\/p>\n<p>&nbsp;<\/p>\n<p>&nbsp;<\/p>\n<p>&nbsp;<\/p>\n<p>&nbsp;<\/p>\n<p>&nbsp;<\/p>\n<p>&nbsp;<\/p>\n<hr \/>\n","protected":false},"excerpt":{"rendered":"<p><span class=\"span-reading-time rt-reading-time\" style=\"display: block;\"><span class=\"rt-label rt-prefix\">Doba \u010dten\u00ed: <\/span> <span class=\"rt-time\"> &lt; 1<\/span> <span class=\"rt-label rt-postfix\">min.<\/span><\/span>Aero L-39C Albatros [1:72] ES-YLS, Breitling #2 (tisk b\u00edlou a st\u0159\u00edkac\u00ed maska) &nbsp; &nbsp; &nbsp; &nbsp; &nbsp; &nbsp;<\/p>\n","protected":false},"author":1,"featured_media":0,"parent":0,"menu_order":0,"comment_status":"closed","ping_status":"closed","template":"","meta":{"footnotes":""},"_links":{"self":[{"href":"https:\/\/alfa7.cz\/mil\/wp-json\/wp\/v2\/pages\/6668"}],"collection":[{"href":"https:\/\/alfa7.cz\/mil\/wp-json\/wp\/v2\/pages"}],"about":[{"href":"https:\/\/alfa7.cz\/mil\/wp-json\/wp\/v2\/types\/page"}],"author":[{"embeddable":true,"href":"https:\/\/alfa7.cz\/mil\/wp-json\/wp\/v2\/users\/1"}],"replies":[{"embeddable":true,"href":"https:\/\/alfa7.cz\/mil\/wp-json\/wp\/v2\/comments?post=6668"}],"version-history":[{"count":4,"href":"https:\/\/alfa7.cz\/mil\/wp-json\/wp\/v2\/pages\/6668\/revisions"}],"predecessor-version":[{"id":6689,"href":"https:\/\/alfa7.cz\/mil\/wp-json\/wp\/v2\/pages\/6668\/revisions\/6689"}],"wp:attachment":[{"href":"https:\/\/alfa7.cz\/mil\/wp-json\/wp\/v2\/media?parent=6668"}],"curies":[{"name":"wp","href":"https:\/\/api.w.org\/{rel}","templated":true}]}}

Stříkací masky a drobné díly

<span class="span-reading-time rt-reading-time" style="display: block;"><span class="rt-label rt-prefix">Doba čtení: </span> <span class="rt-time"> &lt; 1</span> <span class="rt-label rt-postfix">min.</span></span><hr />
<h3><a href="https://alfa7.cz/l-39c-breitling-obtisky/"><strong>Aero L-39C Albatros </strong></a>[1:72]</h3>
<p>ES-YLS, Breitling #2 (tisk bílou a stříkací maska)</p>
<p><img loading="lazy" decoding="async" class="wp-image-6321 size-medium alignleft" src="https://alfa7.cz/mil/wp-content/uploads/2020/04/L-39_Breitling_Komplet-300x130.png" alt="" width="300" height="130" srcset="https://alfa7.cz/mil/wp-content/uploads/2020/04/L-39_Breitling_Komplet-300x130.png 300w, https://alfa7.cz/mil/wp-content/uploads/2020/04/L-39_Breitling_Komplet-768x333.png 768w, https://alfa7.cz/mil/wp-content/uploads/2020/04/L-39_Breitling_Komplet-1024x445.png 1024w, https://alfa7.cz/mil/wp-content/uploads/2020/04/L-39_Breitling_Komplet-100x43.png 100w, https://alfa7.cz/mil/wp-content/uploads/2020/04/L-39_Breitling_Komplet-150x65.png 150w, https://alfa7.cz/mil/wp-content/uploads/2020/04/L-39_Breitling_Komplet-200x87.png 200w, https://alfa7.cz/mil/wp-content/uploads/2020/04/L-39_Breitling_Komplet-450x195.png 450w, https://alfa7.cz/mil/wp-content/uploads/2020/04/L-39_Breitling_Komplet-600x261.png 600w, https://alfa7.cz/mil/wp-content/uploads/2020/04/L-39_Breitling_Komplet-900x391.png 900w, https://alfa7.cz/mil/wp-content/uploads/2020/04/L-39_Breitling_Komplet.png 1034w" sizes="(max-width: 300px) 100vw, 300px" /></p>
<p><img loading="lazy" decoding="async" class="wp-image-6362 alignleft" src="https://alfa7.cz/mil/wp-content/uploads/2020/04/L-39C_Breitling-300x192.jpg" alt="" width="328" height="210" srcset="https://alfa7.cz/mil/wp-content/uploads/2020/04/L-39C_Breitling-300x192.jpg 300w, https://alfa7.cz/mil/wp-content/uploads/2020/04/L-39C_Breitling-768x490.jpg 768w, https://alfa7.cz/mil/wp-content/uploads/2020/04/L-39C_Breitling-100x64.jpg 100w, https://alfa7.cz/mil/wp-content/uploads/2020/04/L-39C_Breitling-150x96.jpg 150w, https://alfa7.cz/mil/wp-content/uploads/2020/04/L-39C_Breitling-200x128.jpg 200w, https://alfa7.cz/mil/wp-content/uploads/2020/04/L-39C_Breitling-450x287.jpg 450w, https://alfa7.cz/mil/wp-content/uploads/2020/04/L-39C_Breitling-600x383.jpg 600w, https://alfa7.cz/mil/wp-content/uploads/2020/04/L-39C_Breitling.jpg 769w" sizes="(max-width: 328px) 100vw, 328px" /></p>
<p>&nbsp;</p>
<p>&nbsp;</p>
<p>&nbsp;</p>
<p>&nbsp;</p>
<p>&nbsp;</p>
<p>&nbsp;</p>
<hr />

<p><span class="span-reading-time rt-reading-time" style="display: block;"><span class="rt-label rt-prefix">Doba čtení: </span> <span class="rt-time"> &lt; 1</span> <span class="rt-label rt-postfix">min.</span></span>Aero L-39C Albatros [1:72] ES-YLS, Breitling #2 (tisk bílou a stříkací maska) &nbsp; &nbsp; &nbsp; &nbsp; &nbsp; &nbsp;</p>
