{"id":6811,"date":"2021-03-19T15:23:28","date_gmt":"2021-03-19T14:23:28","guid":{"rendered":"https:\/\/alfa7.cz\/mil\/?page_id=6811"},"modified":"2022-09-16T15:48:40","modified_gmt":"2022-09-16T14:48:40","slug":"letadla-72-r","status":"publish","type":"page","link":"https:\/\/alfa7.cz\/mil\/letadla-72-r\/","title":{"rendered":"Letadla 1:72 [R]"},"content":{"rendered":"<span class=\"span-reading-time rt-reading-time\" style=\"display: block;\"><span class=\"rt-label rt-prefix\">Doba \u010dten\u00ed: <\/span> <span class=\"rt-time\"> 2<\/span> <span class=\"rt-label rt-postfix\">min.<\/span><\/span><hr \/>\n<p><!-- letter jump start --><\/p>\n<h2 style=\"text-align: center;\"><a href=\"https:\/\/alfa7.cz\/mil\/letadla-72\/\">A<\/a> <a href=\"https:\/\/alfa7.cz\/mil\/letadla-72-b\/\">B<\/a> <a href=\"https:\/\/alfa7.cz\/mil\/letadla-72-c\/\">C<\/a> <a href=\"https:\/\/alfa7.cz\/mil\/letadla-72-d\/\">D<\/a> <a href=\"https:\/\/alfa7.cz\/mil\/letadla-72-e\/\">E<\/a> <a href=\"https:\/\/alfa7.cz\/mil\/letadla-72-f\/\">F<\/a> <a href=\"https:\/\/alfa7.cz\/mil\/letadla-72-g\/\">G<\/a> <a href=\"https:\/\/alfa7.cz\/mil\/letadla-72-h\/\">H<\/a> <a href=\"https:\/\/alfa7.cz\/mil\/letadla-72-i\/\">I<\/a> <a href=\"https:\/\/alfa7.cz\/mil\/letadla-72-j\/\">J<\/a> <a href=\"https:\/\/alfa7.cz\/mil\/letadla-72-k\/\">K<\/a> <a href=\"https:\/\/alfa7.cz\/mil\/letadla-72-l\/\">L<\/a> <a href=\"https:\/\/alfa7.cz\/mil\/letadla-72-m\/\">M<\/a> <a href=\"https:\/\/alfa7.cz\/mil\/letadla-72-n\/\">N<\/a> <a href=\"https:\/\/alfa7.cz\/mil\/letadla-72-o\/\">O<\/a> <a href=\"https:\/\/alfa7.cz\/mil\/letadla-72-p\/\">P<\/a> <a href=\"https:\/\/alfa7.cz\/mil\/letadla-72-q\/\">Q<\/a> <a href=\"https:\/\/alfa7.cz\/mil\/letadla-72-r\/\">R<\/a> <a href=\"https:\/\/alfa7.cz\/mil\/letadla-72-s\/\">S<\/a> <a href=\"https:\/\/alfa7.cz\/mil\/letadla-72-t\/\">T<\/a> <a href=\"https:\/\/alfa7.cz\/mil\/letadla-72-u\/\">U<\/a> <a href=\"https:\/\/alfa7.cz\/mil\/letadla-72-v\/\">V<\/a> <a href=\"https:\/\/alfa7.cz\/mil\/letadla-72-w\/\">W<\/a> <a href=\"https:\/\/alfa7.cz\/mil\/letadla-72-x\/\">X<\/a> <a href=\"https:\/\/alfa7.cz\/mil\/letadla-72-y\/\">Y<\/a> <a href=\"https:\/\/alfa7.cz\/mil\/letadla-72-z\/\">Z<\/a><\/h2>\n<p><!-- letter jump end --><\/p>\n<hr \/>\n<p><a href=\"http:\/\/alfa7.cz\/mil\/?p=1811\"><img loading=\"lazy\" decoding=\"async\" class=\"wp-image-1812 alignleft\" src=\"http:\/\/alfa7.cz\/mil\/wp-content\/uploads\/2016\/05\/p7060081-300x225.jpg\" alt=\"Re-2000\" width=\"185\" height=\"139\" srcset=\"https:\/\/alfa7.cz\/mil\/wp-content\/uploads\/2016\/05\/p7060081-300x225.jpg 300w, https:\/\/alfa7.cz\/mil\/wp-content\/uploads\/2016\/05\/p7060081-100x75.jpg 100w, https:\/\/alfa7.cz\/mil\/wp-content\/uploads\/2016\/05\/p7060081-150x113.jpg 150w, https:\/\/alfa7.cz\/mil\/wp-content\/uploads\/2016\/05\/p7060081-200x150.jpg 200w, https:\/\/alfa7.cz\/mil\/wp-content\/uploads\/2016\/05\/p7060081-450x338.jpg 450w, https:\/\/alfa7.cz\/mil\/wp-content\/uploads\/2016\/05\/p7060081-600x450.jpg 600w, https:\/\/alfa7.cz\/mil\/wp-content\/uploads\/2016\/05\/p7060081.jpg 704w\" sizes=\"(max-width: 185px) 100vw, 185px\" \/><\/a><strong>Reggiane Re-2000 Falco<\/strong><\/p>\n<p>M.M.8060 \/ 377-5<\/p>\n<p>377. Squadriglia Aut., Boccadifalco \/ Palermo, 1942<\/p>\n<p>Legato 72002<\/p>\n<hr \/>\n<p><a href=\"http:\/\/alfa7.cz\/mil\/?p=1466\"><img loading=\"lazy\" decoding=\"async\" class=\" wp-image-1467 alignleft\" src=\"http:\/\/alfa7.cz\/mil\/wp-content\/uploads\/2016\/05\/pb180200-300x225.jpg\" alt=\"P-47D-20RE\" width=\"187\" height=\"140\" srcset=\"https:\/\/alfa7.cz\/mil\/wp-content\/uploads\/2016\/05\/pb180200-300x225.jpg 300w, https:\/\/alfa7.cz\/mil\/wp-content\/uploads\/2016\/05\/pb180200-100x75.jpg 100w, https:\/\/alfa7.cz\/mil\/wp-content\/uploads\/2016\/05\/pb180200-150x113.jpg 150w, https:\/\/alfa7.cz\/mil\/wp-content\/uploads\/2016\/05\/pb180200-200x150.jpg 200w, https:\/\/alfa7.cz\/mil\/wp-content\/uploads\/2016\/05\/pb180200-450x338.jpg 450w, https:\/\/alfa7.cz\/mil\/wp-content\/uploads\/2016\/05\/pb180200-600x450.jpg 600w, https:\/\/alfa7.cz\/mil\/wp-content\/uploads\/2016\/05\/pb180200.jpg 704w\" sizes=\"(max-width: 187px) 100vw, 187px\" \/><\/a><strong>Republic P-47D-20 Thunderbolt &#8222;Razorback&#8220;<\/strong><\/p>\n<p>28586 \/ 5F*S<\/p>\n<p>5th ERS, 8th AF, 1944<\/p>\n<p>Academy 2175<\/p>\n<hr \/>\n<p><a href=\"http:\/\/alfa7.cz\/mil\/?p=550\"><img loading=\"lazy\" decoding=\"async\" class=\" wp-image-551 alignleft\" src=\"http:\/\/alfa7.cz\/mil\/wp-content\/uploads\/2015\/05\/p4150067-300x225.jpg\" alt=\"P-47D-30\" width=\"187\" height=\"140\" srcset=\"https:\/\/alfa7.cz\/mil\/wp-content\/uploads\/2015\/05\/p4150067-300x225.jpg 300w, https:\/\/alfa7.cz\/mil\/wp-content\/uploads\/2015\/05\/p4150067-100x75.jpg 100w, https:\/\/alfa7.cz\/mil\/wp-content\/uploads\/2015\/05\/p4150067-150x113.jpg 150w, https:\/\/alfa7.cz\/mil\/wp-content\/uploads\/2015\/05\/p4150067-200x150.jpg 200w, https:\/\/alfa7.cz\/mil\/wp-content\/uploads\/2015\/05\/p4150067-450x338.jpg 450w, https:\/\/alfa7.cz\/mil\/wp-content\/uploads\/2015\/05\/p4150067-600x450.jpg 600w, https:\/\/alfa7.cz\/mil\/wp-content\/uploads\/2015\/05\/p4150067.jpg 704w\" sizes=\"(max-width: 187px) 100vw, 187px\" \/><\/a><strong>Republic P-47D-30 Thunderbolt &#8222;Bubbletop&#8220;<\/strong><\/p>\n<p>433132 \/ 3T*H<\/p>\n<p>22nd FS\/56th FG, 9th AF, 1944<\/p>\n<p>Academy 2174<\/p>\n<hr \/>\n<p><strong><a href=\"https:\/\/alfa7.cz\/mil\/republic-f-84g-thunderjet-fs-271\/\"><img loading=\"lazy\" decoding=\"async\" class=\" wp-image-7013 alignleft\" src=\"https:\/\/alfa7.cz\/mil\/wp-content\/uploads\/2022\/09\/P8291827-300x225.jpg\" alt=\"\" width=\"188\" height=\"141\" srcset=\"https:\/\/alfa7.cz\/mil\/wp-content\/uploads\/2022\/09\/P8291827-300x225.jpg 300w, https:\/\/alfa7.cz\/mil\/wp-content\/uploads\/2022\/09\/P8291827-768x576.jpg 768w, https:\/\/alfa7.cz\/mil\/wp-content\/uploads\/2022\/09\/P8291827.jpg 1024w, https:\/\/alfa7.cz\/mil\/wp-content\/uploads\/2022\/09\/P8291827-100x75.jpg 100w, https:\/\/alfa7.cz\/mil\/wp-content\/uploads\/2022\/09\/P8291827-150x113.jpg 150w, https:\/\/alfa7.cz\/mil\/wp-content\/uploads\/2022\/09\/P8291827-200x150.jpg 200w, https:\/\/alfa7.cz\/mil\/wp-content\/uploads\/2022\/09\/P8291827-450x338.jpg 450w, https:\/\/alfa7.cz\/mil\/wp-content\/uploads\/2022\/09\/P8291827-600x450.jpg 600w, https:\/\/alfa7.cz\/mil\/wp-content\/uploads\/2022\/09\/P8291827-900x675.jpg 900w\" sizes=\"(max-width: 188px) 100vw, 188px\" \/><\/a>Republic F-84G Thunderjet<\/strong><\/p>\n<p>52-3271 \/ FS-271<\/p>\n<p>508th Strategic Fighter Wing, Turner AFB, Albany, Georgia, 1956<\/p>\n<p>Hobby Boss 80247<\/p>\n<hr \/>\n<p><a href=\"https:\/\/alfa7.cz\/mil\/republic-f-105d-thunderchief-172\/\"><img loading=\"lazy\" decoding=\"async\" class=\" wp-image-3567 alignleft\" src=\"https:\/\/alfa7.cz\/mil\/wp-content\/uploads\/2018\/10\/F105DM02-300x225.jpg\" alt=\"F105DM02\" width=\"187\" height=\"140\" srcset=\"https:\/\/alfa7.cz\/mil\/wp-content\/uploads\/2018\/10\/F105DM02-300x225.jpg 300w, https:\/\/alfa7.cz\/mil\/wp-content\/uploads\/2018\/10\/F105DM02-100x75.jpg 100w, https:\/\/alfa7.cz\/mil\/wp-content\/uploads\/2018\/10\/F105DM02-150x113.jpg 150w, https:\/\/alfa7.cz\/mil\/wp-content\/uploads\/2018\/10\/F105DM02-200x150.jpg 200w, https:\/\/alfa7.cz\/mil\/wp-content\/uploads\/2018\/10\/F105DM02-450x338.jpg 450w, https:\/\/alfa7.cz\/mil\/wp-content\/uploads\/2018\/10\/F105DM02-600x450.jpg 600w, https:\/\/alfa7.cz\/mil\/wp-content\/uploads\/2018\/10\/F105DM02.jpg 704w\" sizes=\"(max-width: 187px) 100vw, 187px\" \/><\/a><strong>Republic F-105D Thunderchief<\/strong><\/p>\n<p>59-1822 \/ RE<\/p>\n<p>The Polish Glider&#8216;, 44 TFS\/355 TFW, Maj. Don Kutyna &#8218;Yankee Air Polack&#8216;, Takhli RTAFB, 1965<\/p>\n<p>Trumpeter 01617<\/p>\n<hr \/>\n<p><a href=\"https:\/\/alfa7.cz\/mil\/robinson-r-22-172\/\"><img loading=\"lazy\" decoding=\"async\" class=\" wp-image-5259 alignleft\" src=\"https:\/\/alfa7.cz\/mil\/wp-content\/uploads\/2019\/11\/p3020292-300x225.jpg\" alt=\"\" width=\"184\" height=\"138\" srcset=\"https:\/\/alfa7.cz\/mil\/wp-content\/uploads\/2019\/11\/p3020292-300x225.jpg 300w, https:\/\/alfa7.cz\/mil\/wp-content\/uploads\/2019\/11\/p3020292-100x75.jpg 100w, https:\/\/alfa7.cz\/mil\/wp-content\/uploads\/2019\/11\/p3020292-150x113.jpg 150w, https:\/\/alfa7.cz\/mil\/wp-content\/uploads\/2019\/11\/p3020292-200x150.jpg 200w, https:\/\/alfa7.cz\/mil\/wp-content\/uploads\/2019\/11\/p3020292-450x338.jpg 450w, https:\/\/alfa7.cz\/mil\/wp-content\/uploads\/2019\/11\/p3020292-600x450.jpg 600w, https:\/\/alfa7.cz\/mil\/wp-content\/uploads\/2019\/11\/p3020292.jpg 704w\" sizes=\"(max-width: 184px) 100vw, 184px\" \/><\/a><strong>Robinson R-22<\/strong><\/p>\n<p>JA7679<\/p>\n<p>JAL, Japonsko<\/p>\n<p>novostavba<\/p>\n<hr \/>\n<p><a href=\"https:\/\/alfa7.cz\/mil\/robinson-r-22m-172\/\"><img loading=\"lazy\" decoding=\"async\" class=\" wp-image-5272 alignleft\" src=\"https:\/\/alfa7.cz\/mil\/wp-content\/uploads\/2019\/11\/p3020300-300x225.jpg\" alt=\"\" width=\"183\" height=\"137\" srcset=\"https:\/\/alfa7.cz\/mil\/wp-content\/uploads\/2019\/11\/p3020300-300x225.jpg 300w, https:\/\/alfa7.cz\/mil\/wp-content\/uploads\/2019\/11\/p3020300-100x75.jpg 100w, https:\/\/alfa7.cz\/mil\/wp-content\/uploads\/2019\/11\/p3020300-150x113.jpg 150w, https:\/\/alfa7.cz\/mil\/wp-content\/uploads\/2019\/11\/p3020300-200x150.jpg 200w, https:\/\/alfa7.cz\/mil\/wp-content\/uploads\/2019\/11\/p3020300-450x338.jpg 450w, https:\/\/alfa7.cz\/mil\/wp-content\/uploads\/2019\/11\/p3020300-600x450.jpg 600w, https:\/\/alfa7.cz\/mil\/wp-content\/uploads\/2019\/11\/p3020300.jpg 704w\" sizes=\"(max-width: 183px) 100vw, 183px\" \/><\/a><strong>Robinson R-22M<\/strong><\/p>\n<p>N23630<\/p>\n<p>civiln\u00ed u\u017eivatel, USA<\/p>\n<p>novostavba<\/p>\n<hr \/>\n<p><a href=\"https:\/\/alfa7.cz\/mil\/rockwell-t-2c-buckeye-172\/\"><img loading=\"lazy\" decoding=\"async\" class=\" wp-image-5284 alignleft\" src=\"https:\/\/alfa7.cz\/mil\/wp-content\/uploads\/2019\/11\/t-2c_m01-300x225.jpg\" alt=\"\" width=\"180\" height=\"135\" srcset=\"https:\/\/alfa7.cz\/mil\/wp-content\/uploads\/2019\/11\/t-2c_m01-300x225.jpg 300w, https:\/\/alfa7.cz\/mil\/wp-content\/uploads\/2019\/11\/t-2c_m01-100x75.jpg 100w, https:\/\/alfa7.cz\/mil\/wp-content\/uploads\/2019\/11\/t-2c_m01-150x113.jpg 150w, https:\/\/alfa7.cz\/mil\/wp-content\/uploads\/2019\/11\/t-2c_m01-200x150.jpg 200w, https:\/\/alfa7.cz\/mil\/wp-content\/uploads\/2019\/11\/t-2c_m01-450x338.jpg 450w, https:\/\/alfa7.cz\/mil\/wp-content\/uploads\/2019\/11\/t-2c_m01-600x450.jpg 600w, https:\/\/alfa7.cz\/mil\/wp-content\/uploads\/2019\/11\/t-2c_m01.jpg 704w\" sizes=\"(max-width: 180px) 100vw, 180px\" \/><\/a><strong>Rockwell T-2C Buckeye<\/strong><\/p>\n<p>158882 \/ B324<\/p>\n<p>USN, VT-23, Kingsville, Texas, 1983<\/p>\n<p>Matchbox PK-42<\/p>\n<hr \/>\n","protected":false},"excerpt":{"rendered":"<p><span class=\"span-reading-time rt-reading-time\" style=\"display: block;\"><span class=\"rt-label rt-prefix\">Doba \u010dten\u00ed: <\/span> <span class=\"rt-time\"> 2<\/span> <span class=\"rt-label rt-postfix\">min.<\/span><\/span>A B C D E F G H I J K L M N O P Q R S T U V W X Y Z Reggiane Re-2000 Falco M.M.8060 \/ 377-5 377. Squadriglia Aut., Boccadifalco \/ Palermo, 1942 Legato<span class=\"ellipsis\">&hellip;<\/span><\/p>\n<div class=\"read-more\"><a href=\"https:\/\/alfa7.cz\/mil\/letadla-72-r\/\">\u010c\u00edst d\u00e1le &#8250;<\/a><\/div>\n<p><!-- end of .read-more --><\/p>\n","protected":false},"author":1,"featured_media":0,"parent":0,"menu_order":0,"comment_status":"closed","ping_status":"closed","template":"","meta":{"footnotes":""},"_links":{"self":[{"href":"https:\/\/alfa7.cz\/mil\/wp-json\/wp\/v2\/pages\/6811"}],"collection":[{"href":"https:\/\/alfa7.cz\/mil\/wp-json\/wp\/v2\/pages"}],"about":[{"href":"https:\/\/alfa7.cz\/mil\/wp-json\/wp\/v2\/types\/page"}],"author":[{"embeddable":true,"href":"https:\/\/alfa7.cz\/mil\/wp-json\/wp\/v2\/users\/1"}],"replies":[{"embeddable":true,"href":"https:\/\/alfa7.cz\/mil\/wp-json\/wp\/v2\/comments?post=6811"}],"version-history":[{"count":5,"href":"https:\/\/alfa7.cz\/mil\/wp-json\/wp\/v2\/pages\/6811\/revisions"}],"predecessor-version":[{"id":7034,"href":"https:\/\/alfa7.cz\/mil\/wp-json\/wp\/v2\/pages\/6811\/revisions\/7034"}],"wp:attachment":[{"href":"https:\/\/alfa7.cz\/mil\/wp-json\/wp\/v2\/media?parent=6811"}],"curies":[{"name":"wp","href":"https:\/\/api.w.org\/{rel}","templated":true}]}}